
In base 5, what is -11310 + -12210340?
-12222200
In base 8, what is -55136 + -443?
-55601
In base 9, what is -173718 - -85?
-173623
In base 16, what is -1b5d1 + -4fd?
-1bace
In base 9, what is -1311 + -81687?
-83108
In base 4, what is -220 - -11232303233?
11232303013
In base 11, what is -1618a2a4 + 4?
-1618a2a0
In base 5, what is 102142212 - -204?
102142421
In base 3, what is 0 - 2201200001221101?
-2201200001221101
In base 2, what is 1001011100 - 110010011?
11001001
In base 6, what is 511 - -2402130?
2403041
In base 14, what is 12916 + -2228?
106cc
In base 6, what is -13504 - -1432050?
1414142
In base 11, what is 29 - 1548138?
-154810a
In base 16, what is 7 + -334ab77?
-334ab70
In base 5, what is -3413 + -31120?
-40033
In base 5, what is -1 + 1024233341?
1024233340
In base 6, what is -202041 + 112051?
-45550
In base 2, what is -100011 - 1000110010100001010101?
-1000110010100001111000
In base 9, what is -2468318 + 6?
-2468312
In base 16, what is 6 + b04d0a?
b04d10
In base 6, what is 324515 - 1353?
323122
In base 2, what is -10001101111110001101001 - 11100?
-10001101111110010000101
In base 5, what is -1 - 240012024?
-240012030
In base 7, what is -10134 - -43660?
33523
In base 10, what is 5049004 - -4?
5049008
In base 12, what is -a0 + 623b3?
62313
In base 13, what is 3 + -4a207b01?
-4a207acb
In base 2, what is -1010011011101101010001 - 11?
-1010011011101101010100
In base 4, what is 1003300100 - 212?
1003233222
In base 11, what is -163342 - -37?
-163306
In base 2, what is 1101100 - -10000000011001100110?
10000000011011010010
In base 7, what is 0 - 534634223?
-534634223
In base 7, what is 36 + -633631620?
-633631551
In base 5, what is -4042 - -3100322?
3041230
In base 6, what is -3042215 + 145?
-3042030
In base 12, what is -3 + b697691?
b69768a
In base 9, what is -10815 - 616?
-11532
In base 9, what is -5 + 4014172?
4014166
In base 4, what is 100 + -11020320313?
-11020320213
In base 6, what is -1345 + 3442045?
3440300
In base 16, what is -1 - 50a1f?
-50a20
In base 11, what is -5 - a079a99?
-a079aa3
In base 5, what is 110044001310 - -2?
110044001312
In base 12, what is -3b2 + 5728a?
56a98
In base 8, what is -1360 - -3704416?
3703036
In base 16, what is -1 + 5e663d8?
5e663d7
In base 8, what is 31542 + 17473?
51235
In base 7, what is 340 - 2005304?
-2004634
In base 5, what is -2403 - 3442302?
-4000210
In base 2, what is 10010010001 + -100001101110011?
-11111011100010
In base 15, what is 164 - -3b4bc?
3b631
In base 4, what is 31233222211 + -11?
31233222200
In base 8, what is -3 + -50234433?
-50234436
In base 5, what is -12 + -24344120?
-24344132
In base 3, what is 100 + 210211112012?
210211112112
In base 9, what is -1 + -1702082?
-1702083
In base 16, what is 6c66c87 + 2?
6c66c89
In base 4, what is 2030231 + -33022?
1331203
In base 12, what is -5b99aa - 70?
-5b9a5a
In base 15, what is -699 + e40?
796
In base 6, what is -14534021514 + 2?
-14534021512
In base 11, what is 5630 + a42?
6572
In base 9, what is -3543 + -5823?
-10466
In base 10, what is 249258 + 79?
249337
In base 2, what is -1110110100110 + -10101110001011?
-100100100110001
In base 7, what is 3 - -110014105?
110014111
In base 9, what is 2 + 6061008?
6061011
In base 3, what is 2200212021220 + 2?
2200212021222
In base 13, what is -1b + -21483bc?
-214840a
In base 2, what is 10 + -11000101001011101001?
-11000101001011100111
In base 3, what is -20021110021 + -22110?
-20021202201
In base 3, what is 0 + -10002021120122111?
-10002021120122111
In base 15, what is e - -10a3aa?
10a3b9
In base 8, what is -22425743 + 5?
-22425736
In base 14, what is 4c + -13b7a?
-13b2c
In base 8, what is 3 + -766153?
-766150
In base 4, what is -30121 - -11312031?
11221310
In base 3, what is -111 - -10122120111?
10122120000
In base 4, what is -1110 + -33313331003?
-33313332113
In base 11, what is -221468 - -79?
-22139a
In base 13, what is -15970 + 41?
-1592c
In base 12, what is -5 + a08784?
a0877b
In base 14, what is -5 + -464603?
-464608
In base 2, what is -100110100000101010110 + -100101101?
-100110100001010000011
In base 5, what is 10143004 - -33?
10143042
In base 16, what is -3eb2f7 + -8?
-3eb2ff
In base 12, what is 4 + 226883?
226887
In base 16, what is -b02a4 - 87?
-b032b
In base 6, what is 3440034320 - 3?
3440034313
In base 2, what is -10010110001101000111 + 11?
-10010110001101000100
In base 12, what is -289b97b07 + -3?
-289b97b0a
In base 9, what is -362 - 18215?
-18577
In base 8, what is -121440436 + 25?
-121440411
In base 10, what is -105522427 + 4?
-105522423
In base 3, what is -101 - -2121220221012?
2121220220211
In base 7, what is 201331342 - 6?
201331333
In base 8, what is 100 - 24604353?
-24604253
In base 5, what is -241 - -141132313?
141132022
In base 14, what is 3 + -a254031?
-a25402c
In base 13, what is 240 - -a93?
1003
In base 16, what is 1f1207 + 4?
1f120b
In base 8, what is -3 - 654027260?
-654027263
In base 8, what is 14 + 361604?
361620
In base 12, what is 148 + 10284?
10410
In base 16, what is 2c9e79e - 0?
2c9e79e
In base 13, what is -4 + -b201?
-b205
In base 14, what is 41a99b1 + b?
41a99bc
In base 9, what is 7756 + -28734?
-20867
In base 5, what is 21104 - 4344311?
-4323202
In base 5, what is -3 + 134424343?
134424340
In base 15, what is 2b1c796 + 3?
2b1c799
In base 4, what is 23202113 - -1330?
23210103
In base 12, what is 124331162 - 0?
124331162
In base 11, what is -46 - 40425a4?
-404263a
In base 9, what is -183 - 15540?
-15733
In base 6, what is 211113241 - 1?
211113240
In base 11, what is -6a54a2 + 17?
-6a5486
In base 12, what is 17052 - 192?
16a80
In base 4, what is -2212030 - -21102?
-2130322
In base 15, what is -359eb3ae - -2?
-359eb3ac
In base 15, what is 542177 + 5?
54217c
In base 16, what is eaba4 + 1?
eaba5
In base 15, what is 5 + -2029da4?
-2029d9e
In base 10, what is 55124305 + 5?
55124310
In base 15, what is -bd5 - -19583?
1889d
In base 9, what is -27 + -1737780?
-1737817
In base 15, what is -1 - -5c0647?
5c0646
In base 11, what is -1a71a - 98a0?
-2950a
In base 11, what is 7 - 14965a4?
-1496598
In base 8, what is -400 + 27745?
27345
In base 16, what is -deb8 - 15?
-decd
In base 7, what is 440233 - -1130?
441363
In base 5, what is -3 - -1010430103?
1010430100
In base 11, what is 2 - 1049450?
-1049449
In base 9, what is -50270 + -118?
-50388
In base 4, what is 1130132111 - -101?
1130132212
In base 14, what is 2ad3 + -4395?
-16a2
In base 14, what is 3 - 3541314?
-3541311
In base 8, what is -2741424 + 121?
-2741303
In base 6, what is -44221 + 45244?
1023
In base 2, what is 1001 + 100001100001010111111110100?
100001100001010111111111101
In base 11, what is -10 - -713899?
713889
In base 8, what is -1665 - 3411?
-5276
In base 6, what is -140250 - -13405?
-122441
In base 15, what is 19 - 3938?
-391e
In base 9, what is -847865 - 73?
-848048
In base 6, what is -4 - -1130554?
1130550
In base 4, what is -2211030 - -1021300?
-1123130
In base 4, what is 2323003 + 22231?
3011300
In base 11, what is 7 - 3591018?
-3591011
In base 12, what is -9760 + 203?
-9559
In base 16, what is -6dd4 + -4fc?
-72d0
In base 9, what is -18201438 - 32?
-18201471
In base 10, what is -1260 + -7242?
-8502
In base 4, what is -3003 - 3210202322?
-3210211331
In base 14, what is -82b720 + 58?
-82b6a6
In base 7, what is 20065622 + -15?
20065604
In base 16, what is -873 + 8963?
80f0
In base 9, what is 3 + -45253802?
-45253788
In base 8, what is 24070670 + 4?
24070674
In base 2, what is 111011000011 + -1010001?
111001110010
In base 11, what is 11033255 + 13?
11033268
In base 16, what is -6791518 - 4?
-679151c
In base 6, what is 20 + -122534220?
-122534200
In base 3, what is -10020210120101122 - -2?
-10020210120101120
In base 8, what is -412523 + -1531?
-414254
In base 5, what is 2001 - -224422?
231423
In base 15, what is -3bbb - 2c?
-3be8
In base 6, what is -13555 - -3301451?
3243452
In base 7, what is 36554 - 3630?
32624
In base 13, what is -49 + -4cc48?
-4cc94
In base 12, what is 0 - -173577a?
173577a
In base 15, what is 15 + -8de04?
-8ddde
In base 11, what is -99 - 24271?
-2435a
In base 14, what is -102c9 + a9bc?
-370b
In base 13, what is -c397 - -35a3?
-8ac4
In base 8, what is 3 - -23144746?
23144751
In base 4, what is 130210 + -12233013?
-12102203
In base 4, what is -32 - -121320121?
121320023
In base 15, what is 48 + 